{"id":30,"date":"2013-03-06T21:57:36","date_gmt":"2013-03-06T21:57:36","guid":{"rendered":"http:\/\/blog.coesport.com\/?page_id=30"},"modified":"2013-09-30T07:29:46","modified_gmt":"2013-09-30T06:29:46","slug":"consultoria","status":"publish","type":"page","link":"http:\/\/blog.coesport.com\/?page_id=30","title":{"rendered":"CONSULTORIA"},"content":{"rendered":"<p style=\"text-align: justify;\"><span style=\"color: #000000;\">Som especialistes en la <strong>planificaci\u00f3 i avaluaci\u00f3 de les pol\u00edtiques esportives<\/strong>, assessorant als nostres partners en la planificaci\u00f3, avaluaci\u00f3, gesti\u00f3 i implantaci\u00f3 de models organitzatius. Conjuntament amb l\u2019organitzaci\u00f3 <strong>definim les estrat\u00e8gies, les estudiem i les analitzem<\/strong> per ajudar-los a crear un patr\u00f3 organitzatiu. L\u2019implantem <strong>involucrant tots els seus elements i persones<\/strong>, alineant-los perqu\u00e8 desenvolupin en la seva m\u00e0xima expressi\u00f3 habilitats i t\u00e8cniques.<\/span><\/p>\n<p><img loading=\"lazy\" decoding=\"async\" class=\"alignright  wp-image-117\" alt=\"Puzzle11\" src=\"http:\/\/blog.coesport.com\/wp-content\/uploads\/Puzzle-300x199.jpg\" width=\"216\" height=\"143\" srcset=\"http:\/\/blog.coesport.com\/wp-content\/uploads\/Puzzle-300x199.jpg 300w, http:\/\/blog.coesport.com\/wp-content\/uploads\/Puzzle.jpg 512w\" sizes=\"auto, (max-width: 216px) 100vw, 216px\" \/><\/p>\n<ul style=\"text-align: justify;\">\n<li><a title=\"Estrat\u00e8gia\" href=\"http:\/\/blog.coesport.com\/?page_id=131\"><span style=\"color: #000000;\"><span style=\"color: #000000;\"><b>Estudi i an\u00e0lisi.<\/b>\u00a0Transformem la idea en projecte: valorem nous models\u00a0<\/span><span style=\"color: #000000;\">organitzatius perqu\u00e8 resulti viable.<\/span><\/span><\/a><\/li>\n<\/ul>\n<ul style=\"text-align: justify;\">\n<li><a title=\"Organitzaci\u00f3\" href=\"http:\/\/blog.coesport.com\/?page_id=148\"><span style=\"color: #000000;\"><span style=\"font-family: Arial;\"><span style=\"color: #000000;\"><b>Disseny de projectes.\u00a0<\/b>Organitzem el projecte: facilitem la metodologia que\u00a0<\/span><\/span><span style=\"font-family: Arial;\"><span style=\"color: #000000;\">permeti assolir el repte (persones i recursos).<\/span><\/span><\/span><\/a><\/li>\n<\/ul>\n<ul style=\"text-align: justify;\">\n<li><span style=\"color: #000000;\"><a style=\"letter-spacing: 0.05em; line-height: 1.6875;\" title=\"Metodologia\" href=\"http:\/\/blog.coesport.com\/?page_id=60\"><span style=\"color: #000000;\"><b>Implantaci\u00f3.\u00a0<\/b>Fem creure en el projecte: entusiasmem i alineem l&#8217;equip hum\u00e0: esportistes, direcci\u00f3 i comandaments intermedis.<\/span><\/a><\/span><\/li>\n<\/ul>\n<p style=\"text-align: justify;\"><span style=\"color: #000000;\">Donem rendiment al projecte: <strong>crear un equip de treball, professional i cohesionat<\/strong> al servei de l&#8217;organitzaci\u00f3 i l&#8217;esportista.<\/span><\/p>\n","protected":false},"excerpt":{"rendered":"<p>Som especialistes en la planificaci\u00f3 i avaluaci\u00f3 de les pol\u00edtiques esportives, assessorant als nostres partners en la planificaci\u00f3, avaluaci\u00f3, gesti\u00f3 i implantaci\u00f3 de models organitzatius. Conjuntament amb l\u2019organitzaci\u00f3 definim les estrat\u00e8gies, les estudiem i les analitzem per ajudar-los a crear&hellip;<\/p>\n<p class=\"more-link-p\"><a class=\"more-link\" href=\"http:\/\/blog.coesport.com\/?page_id=30\">Read more &rarr;<\/a><\/p>\n","protected":false},"author":1,"featured_media":0,"parent":0,"menu_order":1,"comment_status":"open","ping_status":"open","template":"","meta":{"footnotes":""},"class_list":["post-30","page","type-page","status-publish","hentry"],"_links":{"self":[{"href":"http:\/\/blog.coesport.com\/index.php?rest_route=\/wp\/v2\/pages\/30","targetHints":{"allow":["GET"]}}],"collection":[{"href":"http:\/\/blog.coesport.com\/index.php?rest_route=\/wp\/v2\/pages"}],"about":[{"href":"http:\/\/blog.coesport.com\/index.php?rest_route=\/wp\/v2\/types\/page"}],"author":[{"embeddable":true,"href":"http:\/\/blog.coesport.com\/index.php?rest_route=\/wp\/v2\/users\/1"}],"replies":[{"embeddable":true,"href":"http:\/\/blog.coesport.com\/index.php?rest_route=%2Fwp%2Fv2%2Fcomments&post=30"}],"version-history":[{"count":19,"href":"http:\/\/blog.coesport.com\/index.php?rest_route=\/wp\/v2\/pages\/30\/revisions"}],"predecessor-version":[{"id":137,"href":"http:\/\/blog.coesport.com\/index.php?rest_route=\/wp\/v2\/pages\/30\/revisions\/137"}],"wp:attachment":[{"href":"http:\/\/blog.coesport.com\/index.php?rest_route=%2Fwp%2Fv2%2Fmedia&parent=30"}],"curies":[{"name":"wp","href":"https:\/\/api.w.org\/{rel}","templated":true}]}}